-- https://www.phpmyadmin.net/
--
-- Waktu pembuatan: 23 Okt 2024 pada 11.11
-- Versi server: 10.4.11-MariaDB
-- Versi PHP: 7.3.15

START TRANSACTION;



--
-- Database: `taandre_mounteticketing`
--

-- --------------------------------------------------------

--
-- Struktur dari tabel `failed_jobs`
--

CREATE TABLE `failed_jobs` (
  `id` bigint(20) UNSIGNED NOT NULL,
  `uuid` varchar(255) COLLATE utf8mb4_unicode_ci NOT NULL,
  `connection` text COLLATE utf8mb4_unicode_ci NOT NULL,
  `queue` text COLLATE utf8mb4_unicode_ci NOT NULL,
  `payload` longtext COLLATE utf8mb4_unicode_ci NOT NULL,
  `exception` longtext COLLATE utf8mb4_unicode_ci NOT NULL,
  `failed_at` timestamp NOT NULL DEFAULT current_timestamp()
) ENGINE=InnoDB DEFAULT CHARSET=utf8mb4 COLLATE=utf8mb4_unicode_ci;

-- --------------------------------------------------------

--
-- Struktur dari tabel `migrations`
--

CREATE TABLE `migrations` (
  `id` int(10) UNSIGNED NOT NULL,
  `migration` varchar(255) COLLATE utf8mb4_unicode_ci NOT NULL,
  `batch` int(11) NOT NULL
) ENGINE=InnoDB DEFAULT CHARSET=utf8mb4 COLLATE=utf8mb4_unicode_ci;

--
-- Dumping data untuk tabel `migrations`
--

INSERT INTO `migrations` (`id`, `migration`, `batch`) VALUES
(18, '2014_10_12_000000_create_users_table', 1),
(19, '2014_10_12_100000_create_password_resets_table', 1),
(20, '2019_08_19_000000_create_failed_jobs_table', 1),
(21, '2019_12_14_000001_create_personal_access_tokens_table', 1),
(22, '2024_05_22_114015_add_roles_field_to_users_table', 1),
(23, '2024_05_22_115719_create_track_mounts_table', 1),
(24, '2024_05_23_194607_create_news_table', 1),
(25, '2024_05_26_232024_create_news_galleries_table', 1),
(26, '2024_05_30_235710_create_transactions_table', 1),
(27, '2024_06_08_030542_create_track_mount_galleries_table', 2),
(28, '2024_06_09_235412_create_transaction_details_table', 3),
(29, '2024_06_10_103442_create_violations_table', 4),
(30, '2024_06_10_111316_create_violations_table', 5);

-- --------------------------------------------------------

--
-- Struktur dari tabel `news`
--

CREATE TABLE `news` (
  `id` bigint(20) UNSIGNED NOT NULL,
  `title` varchar(255) COLLATE utf8mb4_unicode_ci NOT NULL,
  `slug` varchar(255) COLLATE utf8mb4_unicode_ci NOT NULL,
  `sumber` varchar(255) COLLATE utf8mb4_unicode_ci NOT NULL,
  `about` longtext COLLATE utf8mb4_unicode_ci NOT NULL,
  `deleted_at` timestamp NULL DEFAULT NULL,
  `created_at` timestamp NULL DEFAULT NULL,
  `updated_at` timestamp NULL DEFAULT NULL
) ENGINE=InnoDB DEFAULT CHARSET=utf8mb4 COLLATE=utf8mb4_unicode_ci;

--
-- Dumping data untuk tabel `news`
--

INSERT INTO `news` (`id`, `title`, `slug`, `sumber`, `about`, `deleted_at`, `created_at`, `updated_at`) VALUES
(1, 'Test 123', 'test-123', '', 'Test 123', '2024-06-07 19:43:09', '2024-06-07 19:38:04', '2024-06-07 19:43:09'),
(2, 'Prau Meletus Kembali', 'prau-meletus-kembali', 'Berita Satu', 'Prau meletus kembali', '2024-06-10 16:01:47', '2024-06-07 19:38:53', '2024-06-10 16:01:47'),
(3, 'Jalur Pendakian Gunung Prau Bakal Ditutup sampai 10 April 2024', 'jalur-pendakian-gunung-prau-bakal-ditutup-sampai-10-april-2024', 'Detik.com', 'Gunung Prau yang terletak di kawasan dataran tinggi Dieng, Wonosobo, Jawa Tengah itu akan ditutup total mulai 22 Januari sampai 10 April 2024.', NULL, '2024-06-10 16:01:36', '2024-06-10 16:09:06'),
(4, 'Tabung Gas Portabel Meledak, 2 Pendaki Gunung Prau Luka Bakar 30%', 'tabung-gas-portabel-meledak-2-pendaki-gunung-prau-luka-bakar-30', 'Detik.com', 'Tabung gas portabel milik pendaki di Gunung Prau meledak. Akibatnya, 3 tenda terbakar dan dua pendaki mengalami luka bakar.\r\n\r\nSebuah video proses evakuasi pendaki yang mengalami luka bakar akibat ledakan gas portable di Gunung Prau viral di media sosial Instagram. Video yang diunggah akun @wonosobohitz ini juga memperlihatkan kondisi tenda dan korban akibat ledakan gas portable tersebut.', NULL, '2024-06-10 16:59:24', '2024-06-10 16:59:24'),
(5, '8 Tips Mendaki Gunung Prau yang Aman untuk Pemula dan Harus Diterapkan', '8-tips-mendaki-gunung-prau-yang-aman-untuk-pemula-dan-harus-diterapkan', 'Detik.com', 'Dilansir dari laman Visit Jawa Tengah, musim terbaik untuk mendaki Gunung Prau adalah pada bulan Juli hingga Agustus. Pada periode ini, cuaca cerah dengan langit biru tanpa awan, memungkinkan pendaki untuk menikmati keindahan matahari terbit dan terbenam.', NULL, '2024-06-10 17:55:54', '2024-06-16 22:05:56'),
(6, 'Gempa Darat Magnitudo 2,6 Guncang Wonosobo, Terasa Hingga Dieng', 'gempa-darat-magnitudo-26-guncang-wonosobo-terasa-hingga-dieng', 'Berita Satu', 'Berdasarkan rilis dari akun Instagram @bmkg_banjarnegara, gempa itu terjadi pada Kamis (30/5/2024) pukul 19.43.33 WIB. Analisis BMKG menunjukkan gempa tersebut berepisentrum di koordinat 7.27 derajat Lintang Selatan dan 109.88 derajat Bujur Timur.', NULL, '2024-06-12 03:11:53', '2024-06-12 19:05:54'),
(8, 'Cerita Para Babinsa di Wonosobo, Belasan Tahun Ternak Kambing dan Sapi Ketiban Berkah Jelang Idul Adha', 'cerita-para-babinsa-di-wonosobo-belasan-tahun-ternak-kambing-dan-sapi-ketiban-berkah-jelang-idul-adha', 'Kompas.com', 'Siapa sangka di Kabupaten Wonosobo, Jawa Tengah, banyak para Bintara Pembina Desa (Babinsa) yang sukses menjadi peternak kambing dan sapi. \r\n\r\nKontur alam yang mendukung dengan banyaknya sumber pakan alami untuk hewan ternak menjadikan daerah ini baik untuk beternak kambing dan sapi.', NULL, '2024-06-17 01:20:11', '2024-06-17 01:20:11');

-- --------------------------------------------------------

--
-- Struktur dari tabel `news_galleries`
--

CREATE TABLE `news_galleries` (
  `id` bigint(20) UNSIGNED NOT NULL,
  `news_id` int(11) NOT NULL,
  `image` text COLLATE utf8mb4_unicode_ci NOT NULL,
  `deleted_at` timestamp NULL DEFAULT NULL,
  `created_at` timestamp NULL DEFAULT NULL,
  `updated_at` timestamp NULL DEFAULT NULL
) ENGINE=InnoDB DEFAULT CHARSET=utf8mb4 COLLATE=utf8mb4_unicode_ci;

--
-- Dumping data untuk tabel `news_galleries`
--

INSERT INTO `news_galleries` (`id`, `news_id`, `image`, `deleted_at`, `created_at`, `updated_at`) VALUES
(1, 3, 'assets/gallery/pmM8959nxp62TRBltpDZYmWepvnczCRwjHhFQMiQ.jpg', NULL, '2024-06-10 16:54:13', '2024-06-10 16:54:13'),
(2, 4, 'assets/gallery/q15KRMxfVzmvo2RmSymQ6z2oxRdLwN6AUo5p7Cgk.jpg', NULL, '2024-06-10 17:00:02', '2024-06-10 17:00:02'),
(3, 5, 'assets/gallery/nmpUBMnPgSDuUJbaWEvSSQsCWbYEELyVwfjukFs4.jpg', NULL, '2024-06-10 17:56:52', '2024-06-10 17:56:52'),
(4, 6, 'assets/gallery/gfO2smPpbc143vKHqUHeAMESTs2CnaIpJR9JKfwE.jpg', NULL, '2024-06-12 03:12:24', '2024-06-12 03:12:24'),
(6, 8, 'assets/gallery/5Wv6ZzHGDVERs73jR0nW6rUtu8ewBXf4vpBe1u6b.png', NULL, '2024-06-17 01:20:25', '2024-06-17 01:20:25');

-- --------------------------------------------------------

--
-- Struktur dari tabel `track_mounts`
--

CREATE TABLE `track_mounts` (
  `id` bigint(20) UNSIGNED NOT NULL,
  `title` varchar(255) COLLATE utf8mb4_unicode_ci NOT NULL,
  `slug` varchar(255) COLLATE utf8mb4_unicode_ci NOT NULL,
  `location` varchar(255) COLLATE utf8mb4_unicode_ci NOT NULL,
  `about` longtext COLLATE utf8mb4_unicode_ci NOT NULL,
  `facilities1` varchar(255) COLLATE utf8mb4_unicode_ci NOT NULL,
  `facilities2` varchar(255) COLLATE utf8mb4_unicode_ci NOT NULL,
  `facilities3` varchar(255) COLLATE utf8mb4_unicode_ci NOT NULL,
  `price` int(11) NOT NULL,
  `deleted_at` timestamp NULL DEFAULT NULL,
  `created_at` timestamp NULL DEFAULT NULL,
  `updated_at` timestamp NULL DEFAULT NULL
) ENGINE=InnoDB DEFAULT CHARSET=utf8mb4 COLLATE=utf8mb4_unicode_ci;

--
-- Dumping data untuk tabel `track_mounts`
--

INSERT INTO `track_mounts` (`id`, `title`, `slug`, `location`, `about`, `facilities1`, `facilities2`, `facilities3`, `price`, `deleted_at`, `created_at`, `updated_at`) VALUES
(1, 'Igirmranak', 'igirmranak', 'Wonosobo', 'Igirmranak adalah desa yang berada di Kecamatan Kejajar, Kabupaten Wonosobo, Jawa Tengah. Jalur ini menjangkau puncak Gunung Prau dari sisi selatan.\r\nRute awal adalah menyusuri jalan desa. Kondisi jalan sudah menanjak dari sini. Setibanya di ujung utara desa, akan ada percabangan. Keduanya merupakan jalan yang benar. Jalan dari cor ke arah kanan dan jalan tanah jika lurus.', 'Tempat Istirahat', 'Kamar Mandi', 'Wi-Fi', 30000, NULL, '2024-06-03 16:55:09', '2024-06-09 15:18:20'),
(2, 'Wates', 'wates', 'Wonosobo', 'Basecamp pendakian Gunung Prau via Wates terletak di Desa Wates, Kecamatan Wonoboyo, Temanggung, Jawa Tengah. Jalur pendakian ini belum terlalu rami adan akses menuju Desa Wates belum banyak yang mengetahuinya.\r\n\r\nAkses untuk menuju Desa Wates sedikit jauh dan memutar, jalannya sedikit berbelok dan menanjak. Bagi pendaki disarankan untuk menggunakan kendaraan sendiri, seperti motor karena lebih simpel.', 'Wi-Fi', 'Kamar Mandi', 'Tempat Makan', 30000, NULL, '2024-06-03 23:24:48', '2024-06-09 15:23:47'),
(3, 'Patak Banteng', 'patak-banteng', 'Wonosobo', 'Jalur pendakian Patak Banteng terletak strategis di Jalan Dieng, Desa Patak Banteng, Kecamatan Kejajar, Kabupaten Wonosobo. \r\n\r\nLokasi ini mudah dijangkau dan tidak jauh dari gerbang Selamat Datang Dieng Plateau. Dari basecamp ini, pendaki bisa memulai perjalanan mereka dengan segala persiapan yang diperlukan.', 'Kamar Mandi', 'Tempat Istirahat', 'Tempat Makan', 30000, NULL, '2024-06-04 22:46:04', '2024-06-09 15:47:26'),
(4, 'Dieng', 'dieng', 'Wonosobo', 'Jalur Pendakian Dieng berada di sisi utara. Jalur ini akan menjangkau kawasan puncak dari sisi utara. Pendaki bisa menjangkau dan menjelajah sisi utara gunung, mulai dari puncak, Telaga Wurung, hingga Bukit Teletubbies. \r\nDari Basecamp, perjalanan dilakukan melalui kawasan perkebunan penduduk. Pendaki sesekali harus berpaspasan dengan sepeda motor warga yang hendak ke kebun.', 'Wi-Fi', 'Tempat Istirahat', 'Tempat Makan', 30000, NULL, '2024-06-04 22:46:21', '2024-06-10 01:31:43'),
(5, 'Kalilembu', 'kalilembu', 'Wonosobo', 'Jalur pendakian Kalilembu dimulai dari Desa Kalilembu, yang terletak di sekitar Gunung Prau. Jalur ini mungkin lebih menantang dibandingkan dengan beberapa jalur lainnya. Selama perjalanan, melewati hutan lebat dan juga sungai Kali Lembu yang harus diseberangi. \r\n\r\nSebagian besar jalur ini akan melewati hutan dan area alami, yang menawarkan pengalaman alam yang lebih asri dan masih terjaga dengan baik. Durasi pendakian melalui jalur Kali Lembu diperkirakan hanya memakan waktu sekitar 3 jam 20 menit. Namun, durasi waktu ini belum termasuk waktu untuk beristirahat.', 'Wi-Fi', 'Kamar Mandi', 'Tempat Makan', 30000, NULL, '2024-06-04 22:53:04', '2024-06-10 01:31:54'),
(6, 'Selatan', 'selatan', 'Wonosobo', 'Selatan Wonosobo', 'WIFI', 'Kamar Mandi', 'Tempat Istirahat', 30000, '2024-06-04 22:54:27', '2024-06-04 22:53:45', '2024-06-04 22:54:27'),
(7, 'Test Jalur', 'test-jalur', 'Wonosobo', 'Wonosobo', 'Tempat Istirahat', 'Wi-Fi', 'Tempat Makan', 30000, '2024-06-05 16:12:13', '2024-06-05 16:09:32', '2024-06-05 16:12:13');

-- --------------------------------------------------------

--
-- Struktur dari tabel `track_mount_galleries`
--

CREATE TABLE `track_mount_galleries` (
  `id` bigint(20) UNSIGNED NOT NULL,
  `track_mounts_id` int(11) NOT NULL,
  `image` text COLLATE utf8mb4_unicode_ci NOT NULL,
  `deleted_at` timestamp NULL DEFAULT NULL,
  `created_at` timestamp NULL DEFAULT NULL,
  `updated_at` timestamp NULL DEFAULT NULL
) ENGINE=InnoDB DEFAULT CHARSET=utf8mb4 COLLATE=utf8mb4_unicode_ci;

--
-- Dumping data untuk tabel `track_mount_galleries`
--

INSERT INTO `track_mount_galleries` (`id`, `track_mounts_id`, `image`, `deleted_at`, `created_at`, `updated_at`) VALUES
(1, 1, 'assets/gallery/4bp5vRVRVE4LjbZXQsaQgGQzp5ZR7xzRccn3hflx.jpg', NULL, '2024-06-07 22:22:26', '2024-06-07 22:22:26'),
(3, 4, 'assets/gallery/VRksNdOpUXOKhO81xobcKa8LCe8UVGzPQD7a36Sx.jpg', NULL, '2024-06-07 22:32:54', '2024-06-07 22:32:54'),
(4, 2, 'assets/gallery/6IMJJ0UMGdwiSdZDWk6wXq7CIQ07YvtFQ9tg4ioh.jpg', '2024-06-09 16:24:31', '2024-06-09 13:45:48', '2024-06-09 16:24:31'),
(5, 3, 'assets/gallery/mx5aAruMgwhoRRmFZ065LJvBCSoW9XIq3FjsC5mB.jpg', NULL, '2024-06-09 13:48:23', '2024-06-09 13:48:23'),
(6, 5, 'assets/gallery/wIAGR86v7eEjOsHIwp8Fw89Dk6o9m1hveYSBH1SG.jpg', '2024-06-09 16:26:03', '2024-06-09 13:51:54', '2024-06-09 16:26:03'),
(8, 1, 'assets/gallery/XXDyrkDWRsikIVhL9iSzNCFi3dmEk1zErTPuT5ic.png', NULL, '2024-06-09 14:49:25', '2024-06-09 14:49:25'),
(9, 2, 'assets/gallery/uzgPk6A7k51s6wbffnfyzGme5NC6K9eJddI1fcVp.png', NULL, '2024-06-09 16:24:42', '2024-06-09 16:24:42'),
(10, 5, 'assets/gallery/w0sBYESTxEIPkHcwvDJQ7AY7a1cIsRQ4Fd1V8bos.png', NULL, '2024-06-09 16:26:11', '2024-06-09 16:26:11'),
(11, 5, 'assets/gallery/m0OiBvxx93mePpd1xuqfxSnz6SWLrtdD61Xd6i53.jpg', NULL, '2024-06-09 16:27:51', '2024-06-09 16:27:51'),
(12, 1, 'assets/gallery/ZhUzlHyjvHxYi59KC008fj77EWdwXsxBpA1IWxQS.png', '2024-06-10 09:38:34', '2024-06-10 09:29:36', '2024-06-10 09:38:34');

-- --------------------------------------------------------

--
-- Struktur dari tabel `transactions`
--

CREATE TABLE `transactions` (
  `id` bigint(20) UNSIGNED NOT NULL,
  `track_mounts_id` int(11) NOT NULL,
  `users_id` int(11) DEFAULT NULL,
  `transaction_status` varchar(255) COLLATE utf8mb4_unicode_ci NOT NULL,
  `transaction_total` int(11) NOT NULL,
  `deleted_at` timestamp NULL DEFAULT NULL,
  `created_at` timestamp NULL DEFAULT NULL,
  `updated_at` timestamp NULL DEFAULT NULL
) ENGINE=InnoDB DEFAULT CHARSET=utf8mb4 COLLATE=utf8mb4_unicode_ci;

--
-- Dumping data untuk tabel `transactions`
--

INSERT INTO `transactions` (`id`, `track_mounts_id`, `users_id`, `transaction_status`, `transaction_total`, `deleted_at`, `created_at`, `updated_at`) VALUES
(22, 5, 1, 'PENDING', 30000, NULL, '2024-06-09 21:43:24', '2024-06-09 21:43:24'),
(23, 3, 1, 'PENDING', 30000, NULL, '2024-06-09 22:23:25', '2024-06-09 22:23:25'),
(24, 3, 1, 'PENDING', 30000, NULL, '2024-06-09 22:54:15', '2024-06-09 22:54:15'),
(25, 5, 1, 'PENDING', 30000, NULL, '2024-06-10 02:00:57', '2024-06-10 02:00:57'),
(26, 3, 1, 'PENDING', 30000, NULL, '2024-06-10 02:19:46', '2024-06-10 02:19:46'),
(27, 1, 1, 'PENDING', 30000, NULL, '2024-06-10 06:51:53', '2024-06-10 06:51:53'),
(28, 2, 1, 'PENDING', 30000, NULL, '2024-06-10 20:14:15', '2024-06-10 20:14:15'),
(29, 1, 1, 'PENDING', 30000, NULL, '2024-06-12 05:11:13', '2024-06-12 05:11:13'),
(30, 1, 1, 'PENDING', 30000, NULL, '2024-06-12 05:22:07', '2024-06-12 05:22:07'),
(31, 1, 1, 'PENDING', 30000, NULL, '2024-06-12 05:26:54', '2024-06-12 05:26:54'),
(32, 4, 1, 'PENDING', 30000, NULL, '2024-06-12 08:00:59', '2024-06-12 08:00:59'),
(33, 1, 1, 'PENDING', 30000, NULL, '2024-06-12 20:59:54', '2024-06-12 20:59:54'),
(34, 1, 1, 'PENDING', 30000, NULL, '2024-06-12 21:06:43', '2024-06-12 21:06:43'),
(35, 2, 1, 'PENDING', 30000, NULL, '2024-06-16 21:29:22', '2024-06-16 21:29:22'),
(36, 2, 1, 'PENDING', 30000, NULL, '2024-06-16 21:30:10', '2024-06-16 21:30:10'),
(37, 2, 1, 'PENDING', 30000, NULL, '2024-06-16 21:32:54', '2024-06-16 21:32:54'),
(38, 4, 1, 'PENDING', 30000, NULL, '2024-06-21 15:30:22', '2024-06-21 15:30:22');

-- --------------------------------------------------------

--
-- Struktur dari tabel `transaction_details`
--

CREATE TABLE `transaction_details` (
  `id` bigint(20) UNSIGNED NOT NULL,
  `transactions_id` int(11) NOT NULL,
  `name` varchar(255) COLLATE utf8mb4_unicode_ci NOT NULL,
  `deleted_at` timestamp NULL DEFAULT NULL,
  `created_at` timestamp NULL DEFAULT NULL,
  `updated_at` timestamp NULL DEFAULT NULL
) ENGINE=InnoDB DEFAULT CHARSET=utf8mb4 COLLATE=utf8mb4_unicode_ci;

--
-- Dumping data untuk tabel `transaction_details`
--

INSERT INTO `transaction_details` (`id`, `transactions_id`, `name`, `deleted_at`, `created_at`, `updated_at`) VALUES
(17, 22, 'Andreas Novito Andi Sano', NULL, '2024-06-09 21:43:24', '2024-06-09 21:43:24'),
(18, 22, 'Tegar Alamsyah', NULL, '2024-06-09 21:43:30', '2024-06-09 21:43:30'),
(19, 22, 'Puput Natalia', NULL, '2024-06-09 21:48:50', '2024-06-09 21:48:50'),
(20, 22, 'Puput Natalia', NULL, '2024-06-09 21:55:48', '2024-06-09 21:55:48'),
(21, 22, 'Puput Natalia', NULL, '2024-06-09 21:56:05', '2024-06-09 21:56:05'),
(22, 22, 'Puput Natalia', NULL, '2024-06-09 21:57:38', '2024-06-09 21:57:38'),
(23, 22, 'Puput Natalia', NULL, '2024-06-09 21:57:41', '2024-06-09 21:57:41'),
(24, 22, 'Puput Natalia', NULL, '2024-06-09 21:58:00', '2024-06-09 21:58:00'),
(25, 22, 'Tegar Alamsyah', NULL, '2024-06-09 21:59:21', '2024-06-09 21:59:21'),
(26, 22, 'Budi Raharjo', NULL, '2024-06-09 22:14:15', '2024-06-09 22:14:15'),
(27, 23, 'Andreas Novito Andi Sano', NULL, '2024-06-09 22:23:25', '2024-06-09 22:23:25'),
(28, 23, 'Budi Raharjo', '2024-06-09 22:26:36', '2024-06-09 22:23:29', '2024-06-09 22:26:36'),
(29, 23, 'Puput Natalia', '2024-06-09 22:28:10', '2024-06-09 22:27:01', '2024-06-09 22:28:10'),
(30, 23, 'Puput Natalia', '2024-06-09 22:28:09', '2024-06-09 22:27:31', '2024-06-09 22:28:09'),
(31, 23, 'Puput Natalia', '2024-06-09 22:28:08', '2024-06-09 22:27:51', '2024-06-09 22:28:08'),
(32, 23, 'Budi Raharjo', '2024-06-09 22:35:21', '2024-06-09 22:31:48', '2024-06-09 22:35:21'),
(33, 23, 'Budi Raharjo', NULL, '2024-06-09 22:36:45', '2024-06-09 22:36:45'),
(34, 23, 'Puput Natalia', '2024-06-09 22:46:01', '2024-06-09 22:44:36', '2024-06-09 22:46:01'),
(35, 23, 'Puput Natalia', '2024-06-09 22:46:00', '2024-06-09 22:45:45', '2024-06-09 22:46:00'),
(36, 23, 'Puput Natalia', '2024-06-09 22:45:59', '2024-06-09 22:45:48', '2024-06-09 22:45:59'),
(37, 23, 'Puput Natalia', '2024-06-09 22:45:58', '2024-06-09 22:45:53', '2024-06-09 22:45:58'),
(38, 24, 'Andreas Novito Andi Sano', '2024-06-09 22:58:09', '2024-06-09 22:54:15', '2024-06-09 22:58:09'),
(39, 24, 'Budi Raharjo', '2024-06-09 22:58:12', '2024-06-09 22:54:23', '2024-06-09 22:58:12'),
(40, 24, 'Andreas Novito Andi Sano', NULL, '2024-06-09 22:58:26', '2024-06-09 22:58:26'),
(41, 24, 'Test 123', '2024-06-09 23:04:27', '2024-06-09 23:02:20', '2024-06-09 23:04:27'),
(42, 24, 'Nyoba 123', '2024-06-09 23:05:44', '2024-06-09 23:05:40', '2024-06-09 23:05:44'),
(43, 24, 'Nyonya Truli', '2024-06-09 23:06:08', '2024-06-09 23:06:04', '2024-06-09 23:06:08'),
(44, 24, 'Ramadhan Sakti', '2024-06-09 23:48:21', '2024-06-09 23:08:19', '2024-06-09 23:48:21'),
(45, 24, 'Riski Sulthoni', '2024-06-09 23:42:17', '2024-06-09 23:28:43', '2024-06-09 23:42:17'),
(46, 24, 'Riski Sulthoni', '2024-06-09 23:42:16', '2024-06-09 23:28:48', '2024-06-09 23:42:16'),
(47, 24, 'Yonathan Silalahi', '2024-06-09 23:42:13', '2024-06-09 23:30:40', '2024-06-09 23:42:13'),
(48, 24, 'James Lorem', '2024-06-09 23:42:11', '2024-06-09 23:32:41', '2024-06-09 23:42:11'),
(49, 24, 'James Lorem', '2024-06-09 23:42:09', '2024-06-09 23:41:24', '2024-06-09 23:42:09'),
(50, 24, 'Test Data', '2024-06-09 23:42:06', '2024-06-09 23:41:34', '2024-06-09 23:42:06'),
(51, 24, 'Natalia Andi Puput', '2024-06-10 00:45:07', '2024-06-09 23:44:26', '2024-06-10 00:45:07'),
(52, 24, 'Sugiatmo', NULL, '2024-06-10 00:45:19', '2024-06-10 00:45:19'),
(53, 25, 'Andreas Novito Andi Sano', '2024-06-10 02:01:09', '2024-06-10 02:00:57', '2024-06-10 02:01:09'),
(54, 25, 'Andreas Novito Andi Sano', NULL, '2024-06-10 02:01:24', '2024-06-10 02:01:24'),
(55, 26, 'Andreas Novito Andi Sano', NULL, '2024-06-10 02:19:46', '2024-06-10 02:19:46'),
(56, 26, 'Tegar Alamsyah', NULL, '2024-06-10 02:19:53', '2024-06-10 02:19:53'),
(57, 27, 'Andreas Novito Andi Sano', NULL, '2024-06-10 06:51:53', '2024-06-10 06:51:53'),
(58, 27, 'Natalia Andi', NULL, '2024-06-10 06:52:07', '2024-06-10 06:52:07'),
(59, 28, 'Andreas Novito Andi Sano', NULL, '2024-06-10 20:14:15', '2024-06-10 20:14:15'),
(60, 29, 'Andreas Novito Andi Sano', NULL, '2024-06-12 05:11:13', '2024-06-12 05:11:13'),
(61, 29, 'Franciska Fresti', '2024-06-12 05:16:10', '2024-06-12 05:12:37', '2024-06-12 05:16:10'),
(62, 30, 'Andreas Novito Andi Sano', NULL, '2024-06-12 05:22:07', '2024-06-12 05:22:07'),
(63, 31, 'Andreas Novito Andi Sano', NULL, '2024-06-12 05:26:54', '2024-06-12 05:26:54'),
(64, 32, 'Andreas Novito Andi Sano', NULL, '2024-06-12 08:00:59', '2024-06-12 08:00:59'),
(65, 33, 'Andreas Novito Andi Sano', NULL, '2024-06-12 20:59:54', '2024-06-12 20:59:54'),
(66, 34, 'Andreas Novito Andi Sano', NULL, '2024-06-12 21:06:43', '2024-06-12 21:06:43'),
(67, 35, 'Andreas Novito Andi Sano', NULL, '2024-06-16 21:29:22', '2024-06-16 21:29:22'),
(68, 36, 'Andreas Novito Andi Sano', NULL, '2024-06-16 21:30:10', '2024-06-16 21:30:10'),
(69, 37, 'Andreas Novito Andi Sano', NULL, '2024-06-16 21:32:54', '2024-06-16 21:32:54'),
(70, 38, 'Andreas Novito Andi Sano', NULL, '2024-06-21 15:30:22', '2024-06-21 15:30:22');

-- --------------------------------------------------------

--
-- Struktur dari tabel `violations`
--

CREATE TABLE `violations` (
  `id` bigint(20) UNSIGNED NOT NULL,
  `jenis_pelanggaran` text COLLATE utf8mb4_unicode_ci NOT NULL,
  `ketentuan_sanksi` text COLLATE utf8mb4_unicode_ci NOT NULL,
  `deleted_at` timestamp NULL DEFAULT NULL,
  `created_at` timestamp NULL DEFAULT NULL,
  `updated_at` timestamp NULL DEFAULT NULL
) ENGINE=InnoDB DEFAULT CHARSET=utf8mb4 COLLATE=utf8mb4_unicode_ci;

--
-- Dumping data untuk tabel `violations`
--

INSERT INTO `violations` (`id`, `jenis_pelanggaran`, `ketentuan_sanksi`, `deleted_at`, `created_at`, `updated_at`) VALUES
(1, 'Masuk Tanpa Izin', 'Harga Tiket Registrasi (Rp30.000) + 1 Bibit Tanaman', NULL, '2024-06-10 04:32:23', '2024-06-10 04:32:23'),
(2, 'Membawa Tisu Basah', 'DIAMANKAN + 10 Bibit Tanaman /Item Tisu Basah', NULL, '2024-06-10 04:37:51', '2024-06-10 04:37:51'),
(3, 'Membawa Minuman Keras (MIRAS)', '4 Bibit Tanaman', NULL, '2024-06-10 04:50:48', '2024-06-10 04:51:30'),
(4, 'Pencurian', 'UU Pidana + 10 Bibit Tanaman', NULL, '2024-06-10 06:51:08', '2024-06-10 06:51:08'),
(5, 'Berbuat Asusila / Berzina', 'Diserahkan ke Pihak Berwajib + 10 Bibit Tanaman', NULL, '2024-06-10 08:46:13', '2024-06-10 08:46:13'),
(6, 'Membuang Sampah Sembarangan', '5 Bibit', NULL, '2024-06-10 08:47:28', '2024-06-10 08:47:28'),
(7, 'Tidak Membawa Turun Sampah', '2 Bibit', NULL, '2024-06-10 08:47:55', '2024-06-10 08:47:55'),
(8, 'Membuat Api Unggun', '2 Bibit', NULL, '2024-06-10 08:48:21', '2024-06-10 08:48:21'),
(9, 'Menebang Pohon', '10 Bibit', NULL, '2024-06-10 08:48:39', '2024-06-10 08:48:39'),
(10, 'Membawa Senjata Tajam dengan Panjang > 20 cm', 'DIAMANKAN + 2 Bibit', NULL, '2024-06-10 08:49:26', '2024-06-10 08:49:26'),
(11, 'Membawa Kembang Api atau Petasan', 'DIAMANKAN', NULL, '2024-06-10 08:50:09', '2024-06-10 08:50:09'),
(12, 'Menyalakan Kembang Api atau Petasan', '10 Bibit', NULL, '2024-06-10 08:50:30', '2024-06-10 08:50:30'),
(13, 'Membawa Alat Musik atau Speaker', 'DIAMANKAN', NULL, '2024-06-10 08:50:57', '2024-06-10 08:50:57'),
(14, 'Memetik Bunga Edelweis', '2 Bibit dan Mengembalikan', NULL, '2024-06-10 08:52:10', '2024-06-10 08:52:10'),
(15, 'Vandalisme', '5 Bibit', NULL, '2024-06-10 08:52:34', '2024-06-10 08:52:34'),
(16, 'Membuang Air Kecil didalam Botol', '5 Bibit', NULL, '2024-06-10 08:53:06', '2024-06-10 08:53:06'),
(17, 'Membawa Sepeda Motor Naik kejalur Pendakian', '10 Bibit', NULL, '2024-06-10 08:53:52', '2024-06-10 08:53:52');

--
-- Indexes for dumped tables
--

--
-- Indeks untuk tabel `failed_jobs`
--
ALTER TABLE `failed_jobs`
  ADD PRIMARY KEY (`id`),
  ADD UNIQUE KEY `failed_jobs_uuid_unique` (`uuid`);

--
-- Indeks untuk tabel `migrations`
--
ALTER TABLE `migrations`
  ADD PRIMARY KEY (`id`);

--
-- Indeks untuk tabel `news`
--
ALTER TABLE `news`
  ADD PRIMARY KEY (`id`);

--
-- Indeks untuk tabel `news_galleries`
--
ALTER TABLE `news_galleries`
  ADD PRIMARY KEY (`id`);

--
-- Indeks untuk tabel `track_mounts`
--
ALTER TABLE `track_mounts`
  ADD PRIMARY KEY (`id`);

--
-- Indeks untuk tabel `track_mount_galleries`
--
ALTER TABLE `track_mount_galleries`
  ADD PRIMARY KEY (`id`);

--
-- Indeks untuk tabel `transactions`
--
ALTER TABLE `transactions`
  ADD PRIMARY KEY (`id`);

--
-- Indeks untuk tabel `transaction_details`
--
ALTER TABLE `transaction_details`
  ADD PRIMARY KEY (`id`);

--
-- Indeks untuk tabel `violations`
--
ALTER TABLE `violations`
  ADD PRIMARY KEY (`id`);

--
-- AUTO_INCREMENT untuk tabel yang dibuang
--

--
-- AUTO_INCREMENT untuk tabel `failed_jobs`
--
ALTER TABLE `failed_jobs`
  MODIFY `id` bigint(20) UNSIGNED NOT NULL AUTO_INCREMENT;

--
-- AUTO_INCREMENT untuk tabel `migrations`
--
ALTER TABLE `migrations`
  MODIFY `id` int(10) UNSIGNED NOT NULL AUTO_INCREMENT, AUTO_INCREMENT=31;

--
-- AUTO_INCREMENT untuk tabel `news`
--
ALTER TABLE `news`
  MODIFY `id` bigint(20) UNSIGNED NOT NULL AUTO_INCREMENT, AUTO_INCREMENT=9;

--
-- AUTO_INCREMENT untuk tabel `news_galleries`
--
ALTER TABLE `news_galleries`
  MODIFY `id` bigint(20) UNSIGNED NOT NULL AUTO_INCREMENT, AUTO_INCREMENT=7;

--
-- AUTO_INCREMENT untuk tabel `track_mounts`
--
ALTER TABLE `track_mounts`
  MODIFY `id` bigint(20) UNSIGNED NOT NULL AUTO_INCREMENT, AUTO_INCREMENT=9;

--
-- AUTO_INCREMENT untuk tabel `track_mount_galleries`
--
ALTER TABLE `track_mount_galleries`
  MODIFY `id` bigint(20) UNSIGNED NOT NULL AUTO_INCREMENT, AUTO_INCREMENT=13;

--
-- AUTO_INCREMENT untuk tabel `transactions`
--
ALTER TABLE `transactions`
  MODIFY `id` bigint(20) UNSIGNED NOT NULL AUTO_INCREMENT, AUTO_INCREMENT=39;

--
-- AUTO_INCREMENT untuk tabel `transaction_details`
--
ALTER TABLE `transaction_details`
  MODIFY `id` bigint(20) UNSIGNED NOT NULL AUTO_INCREMENT, AUTO_INCREMENT=71;

--
-- AUTO_INCREMENT untuk tabel `violations`
--
ALTER TABLE `violations`
  MODIFY `id` bigint(20) UNSIGNED NOT NULL AUTO_INCREMENT, AUTO_INCREMENT=18;
COMMIT;

